*j + 105*j. What is the greatest common divisor of j and 9?
9
Let t = -65 + 53. Let w be ((-18)/t)/(6/(-4)). Let h be (-3520)/(-60) + (-1)/(-3) + w. What is the highest common divisor of h and 29?
29
Let z = -6 + -4. Let h(i) = 13*i + 62. Let n(t) = 3*t + 16. Let q(g) = -2*h(g) + 9*n(g). Let v be q(z). What is the greatest common factor of 50 and v?
10
Let m be 14/((5/(-21))/((-20)/12)). Let g be 8/36 + 248/18. What is the highest common factor of m and g?
14
Let w be (-96)/36*(-6)/4. Suppose -j + 409 = w*n, 606 - 199 = 4*n - j. Suppose -294 + 90 = -3*m. Calculate the highest common divisor of n and m.
34
Let j be (-80)/(-15)*(-12)/(-4). Let y be j/(-56) + (-396)/(-14). Let q = y + -15. What is the highest common factor of 39 and q?
13
Let y(p) = 19*p**2 - 531*p + 533. Let z be y(1). What is the greatest common factor of 111 and z?
3
Let a(k) = k**3 - 16*k**2 - 14*k - 39. Let r be a(17). Suppose 0*z + z + 2*j - 478 = 0, -z + 443 = -5*j. Calculate the greatest common factor of z and r.
12
Suppose -741*v + 737*v + 48 = 0. Suppose 3*a + v = -a, -a = 3*j - 42. What is the greatest common factor of 885 and j?
15
Suppose 8*c = -26 + 2. Let i be 2 - (0 + c/(-3)). Suppose i - 25 = -2*z. Calculate the highest common divisor of 48 and z.
12
Let i = 30486 - 23326. Calculate the greatest common divisor of 120 and i.
40
Suppose 12*n = 15 + 69. Suppose -3*z + 3*f + 165 = 0, -2*z + 4*f = -n*z + 248. Calculate the greatest common factor of z and 52.
52
Suppose -943 = -5*o + 227. Calculate the highest common factor of 342 and o.
18
Let r = 242 - 586. Let p = -162 - r. Suppose -3*k - t + 75 = 0, -13*k + 4*t = -12*k - 38. What is the highest common divisor of p and k?
26
Let b = 844 + -705. Suppose b*j - 151*j + 2268 = 0. What is the highest common divisor of j and 252?
63
Let k be ((-900)/700)/((-6)/14). Suppose 0*d - 20*d + 220 = 0. What is the greatest common divisor of d and k?
1
Suppose 6656 = -47*p - 34*p + 94*p. Calculate the greatest common divisor of p and 56.
8
Suppose -221*u - b - 17 = -222*u, -3*b = 4*u - 5. Let h(o) = -7*o + 4. Suppose -5*r = -r + 16. Let d be h(r). Calculate the highest common factor of u and d.
8
Suppose -277*k + 354 = -218*k. What is the greatest common factor of 402 and k?
6
Suppose -2*f = -2*k - 772, -2*f - k = -4*k - 771. Let z be 184/18 + -5 + f/81. Suppose l - 2*l + 2 = 0. Calculate the highest common divisor of z and l.
2
Suppose -5*g - 12*z + 12038 = -9*z, 0 = -4*g - 4*z + 9624. Let u be 1/(0 - g/(-1204) - 2). What is the greatest common divisor of 43 and u?
43
Let d(t) = -21*t**2 - 6*t - 1 + t**3 + 0 + 44*t - 8. Let v be d(19). Let f be 1/(-3) - 993/v. What is the greatest common factor of f and 22?
22
Suppose -4*z = -60 - 32. Suppose 0 = -2*q - 4, -4*y + 1492 = 2*q + 2*q. Let v = 559 - y. What is the greatest common factor of v and z?
23
Let z be (-249)/(-12)*8*(1 + -2). Let v be z/(-4) + (-18)/(-36). Calculate the highest common divisor of 336 and v.
42
Suppose 1 = -f - 5*l + 32, 4 = 4*f - 4*l. Suppose 9*u - 165 = f*u. Suppose 4*t - 48 + 4 = 0. Calculate the greatest common divisor of u and t.
11
Let y be -7 + (-376)/(-56) + (-116)/(-14). Let u be y/6*189/18. Let z be (-1464)/(-52) + (-4)/26. What is the highest common divisor of u and z?
14
Let w(z) = -5 + 3 - z + 8 - z. Let d be w(0). Let l be (8/d + -1)/(3/9). What is the highest common factor of 5 and l?
1
Let g = 2203 - 2139. Calculate the greatest common factor of 4384 and g.
32
Let j = 42 + -42. Suppose j = 112*o - 107*o. Suppose l - 5*h = o, -h - 6 = -4*h. Calculate the highest common divisor of l and 5.
5
Let h be ((-210)/56)/((-12712)/2112 + 6). Calculate the highest common divisor of 242 and h.
22
Let i be ((-2)/(-5)*-3)/((-3)/(-40)). Let z be 3*i/(-12) + 11. Suppose 0 = 8*x - z - 41. Calculate the greatest common factor of 1 and x.
1
Let o = -6 - -39. Suppose 0 = -u - 3*u, -5*h + 2*u + 220 = 0. Suppose -27*s = -31*s + h. What is the greatest common factor of s and o?
11
Suppose 30461 + 18464 = 175*q - 73925. What is the highest common divisor of q and 143?
13
Suppose 4509 = -152*t + 11349. What is the greatest common divisor of 1015 and t?
5
Suppose -5*q = -36 + 1. Suppose -a = q*a. Let t(y) = -3*y + 10. Let h be t(a). Calculate the highest common factor of 5 and h.
5
Let n be -3 + (-49)/(-14) + 445/(-2). Let y = -206 - n. Calculate the highest common factor of y and 120.
8
Suppose 3*a = -3 + 63. Let w be 3328/(-256)*(1 + (-28 - -7)). What is the greatest common factor of a and w?
20
Suppose -5*l = m - 1236, -4*l - 2*m + 980 = -10. What is the highest common divisor of 1539 and l?
19
Let c(f) = -f**3 + 12*f**2 - 10*f - 11. Let s be c(11). Let p(u) = 10 + 11*u - 4 - 2*u - 6*u. Let r be p(s). What is the highest common divisor of 8 and r?
2
Suppose 4*o = 5*v + 326, 37*v - 35*v - 284 = -4*o. What is the greatest common factor of 3478 and o?
74
Let v be (-48)/(-5) + 24/(-40). Let u be ((-72)/(-28))/((-3)/(-63)). What is the highest common factor of v and u?
9
Let a be (-476)/(-6)*(1 + 5 - 3). What is the greatest common factor of a and 442?
34
Let n(o) = -o**2 + 14*o + 23. Let x be n(16). Suppose -4*m + 831 = 343. Let v be m/6 - x/(-27). What is the greatest common factor of v and 8?
4
Let a = 6705 - 5787. Calculate the greatest common factor of 850 and a.
34
Let s = 4425 + -4399. What is the greatest common factor of s and 3601?
13
Let f(d) = 52*d**2 - 98*d + 4. Let x be f(4). Let p = x - 366. What is the highest common divisor of 26 and p?
26
Suppose -2 = -5*z + 13. Suppose 2*y = 4*g + 1484, -3*y + 366 = -4*g + z*g. Let p be 1/(-5) + g/(-10). Calculate the greatest common divisor of 37 and p.
37
Let t = 13294 - -3701. Calculate the greatest common factor of 165 and t.
165
Let d be (15/6)/((-1)/(-2)). Suppose -36 = -d*y + 104. Let t(m) = 75*m - 1. Let v be t(3). What is the highest common divisor of y and v?
28
Let b = 158 + -159. Let l be (1 - b/(-3))*(32 - 23). Calculate the highest common divisor of 42 and l.
6
Let b = -75 - -80. Suppose 3*x = -b*g + 19, 4*x + 4*g = 5*x + 5. Suppose -297 = -x*n - 4*r, 297 = 2*n + n - r. What is the greatest common factor of 33 and n?
33
Let l be (1/(-2) - 18/12) + 178. Suppose -3*b + q + q = 1326, -q + 1323 = -3*b. Let g be (b/15)/((-8)/12). Calculate the highest common factor of g and l.
44
Let p(h) = 103*h**2 + 25*h + 26. Let a be p(-1). What is the greatest common divisor of 1612 and a?
52
Let g = -23 + -191. Let h = g - -599. Let p = h - 225. Calculate the greatest common divisor of 64 and p.
32
Let i be (10438/(-425) - -20)*60/9*-5. What is the highest common factor of 9956 and i?
76
Suppose -a - 918 = 5*u + 474, 3*u + 4*a + 825 = 0. Let y = u - -551. What is the highest common divisor of 68 and y?
68
Let l = -252 + 496. Let w = -149 + 210. What is the greatest common factor of w and l?
61
Suppose 3*d - 93 = -0. Calculate the greatest common divisor of d and 9.
1
Let u(o) be the third derivative of o**4/12 - o**3 + 5*o**2. Let g be u(9). Let d = 2901 - 2817. Calculate the greatest common factor of d and g.
12
Suppose 8*s - 396 = 2*s. Suppose -105*t - 48 = -107*t. Calculate the greatest common factor of t and s.
6
Suppose -100*i - 2*i = -419220. Calculate the highest common factor of 30 and i.
30
Let a be ((-22)/(-5))/(7/385). Let d(y) = -6*y - 60. Let z be d(-11). Suppose 41 = -6*g + 8*g - h, -z = -2*h. Calculate the greatest common factor of g and a.
22
Let u(k) = k**2 - 14*k + 28. Suppose 12 = 10*i - 9*i. Let t be u(i). Let p = 21 - 20. What is the greatest common divisor of t and p?
1
Let p(f) = f + 49. Suppose 0 = j - 3*y - 3, 0*j + j = 5*y + 5. Let u be p(j). Suppose b + 8*b - 63 = 0. Calculate the highest common divisor of u and b.
7
Let s(n) = 2*n**3 + 5*n**2 - n - 4. Let y be s(-2). Suppose -y*o - 9 + 53 = 0. Calculate the greatest common factor of o and 121.
11
Let x(i) be the first derivative of -14*i**2 + i - 116. Let k be x(0). Calculate the greatest common factor of k and 1.
1
Let s(g) = 34*g**2 - 2*g - 3. Let p be s(2). Suppose -7*n = -p - 81. Let l be (-1196)/(-16) - (-1)/4. Calculate the highest common factor of l and n.
15
Let n be (-8)/18 + -5*27733/(-45). What is the highest common factor of 65 and n?
13
Let f(c) = c**2 + 2*c + 51. Let t be f(-11). Let d = 35 + -30. Suppose 15 - 49 = -i + g, -4*g